 What is the remainder when z(-17) is divided by 36?
29
Calculate the remainder when ((-18)/(-15) - 1) + 1428/10 is divided by 38.
29
Let p = -655 - -657. What is the remainder when 5 is divided by p?
1
Let w = 2131 + -2130. Calculate the remainder when 23 is divided by w.
0
Let c = 45 + -42. Suppose 20*j - 29 = -2*h + 19*j, -4*h + 28 = -4*j. What is the remainder when h is divided by c?
0
Let g be (4 - 2) + -2 - 0. Suppose -k + 0*s + s + 11 = 0, -2*k + 3*s + 27 = g. What is the remainder when 71 is divided by k?
5
Let n(s) = -s**3 - 6*s**2 + s - 1. Suppose 0 = -2*y + 184 - 40. Suppose 0 = -3*h - 3*t + y, 2 + 1 = t. Calculate the remainder when n(-7) is divided by h.
20
Suppose -45*t + 7 = -44*t. Let b = 53 + -30. What is the remainder when b is divided by t?
2
Suppose -146*k + 12*k = -65392. What is the remainder when k is divided by 5?
3
Let y = 974 + -955. Calculate the remainder when y is divided by 2.
1
Calculate the remainder when (-6)/2 - (14 - 1 - 152) is divided by 14.
10
Let j(r) = -7*r + 61. Let l = 11 + 24. What is the remainder when l is divided by j(7)?
11
Let b = -56 - -1709. Calculate the remainder when b is divided by 23.
20
Suppose -7*k + 6*k = -102. Let t = 117 - k. Calculate the remainder when 146 is divided by t.
11
What is the remainder when 83 is divided by 9/(225/(-130))*(-25)/10?
5
Calculate the remainder when 134 is divided by 93/31 + 1 + 26.
14
Suppose 65 + 355 = 10*v. Calculate the remainder when 107 is divided by v.
23
Suppose 2*f + 52 = 2*i, 3*f + 82 = 3*i - 4*i. Let p = -9 - f. Suppose 10 = 2*l - 0*l. What is the remainder when p is divided by l?
3
Let r be (-3)/(-2) - (-1)/(-2). Let b = 1370 - 1352. What is the remainder when (-1)/(r/(-2)) - -33 is divided by b?
17
Let g = -12 - -19. Suppose -g*b + 90 = -2*b. Calculate the remainder when 69 is divided by b.
15
Let r(v) = -29*v + 9. Let j(x) = x + 1. Let p be (45/20)/(6/16). Let u(y) = p*j(y) - r(y). Calculate the remainder when u(2) is divided by 17.
16
Suppose 5 = -3*d + 53. Let q = -764 - -774. What is the remainder when d is divided by q?
6
Let f be (-56)/6*27/(-18). Suppose f = 5*o + 19. Let r = 14 + o. Calculate the remainder when 51 is divided by r.
12
Suppose -910 = -16*t + 3*t. Calculate the remainder when t is divided by 31.
8
Let i be (-1360)/360 - (14/(-18) - -1). Suppose 48 = -3*n - 9. Let t = i - n. What is the remainder when t is divided by 8?
7
Suppose 4*i - 7 = 21. Let k = i - 4. What is the remainder when 22 is divided by (-11 + -1)*k/(-6)?
4
Suppose -h + 215 = 5*x - 0*h, -x + 3*h = -43. Let y(u) = u**3 + 8*u**2 - 3*u - 10. Let q be y(-8). What is the remainder when x is divided by (105/q)/(1/2)?
13
Let b(t) = 48*t**3 - 2*t**2 + t. Let a be b(1). Let w = -77 + a. Let h = 35 + w. Calculate the remainder when 28 is divided by h.
3
Let u(t) = t**2 + 20*t - 8. Calculate the remainder when u(-22) is divided by 30.
6
Suppose 3*u + 319 = 3*x + x, 0 = -x + 3*u + 73. Calculate the remainder when x is divided by 21.
19
Let d = -353 - -368. Calculate the remainder when 92 is divided by d.
2
Suppose -5*u + 48 = -u + 4*w, 2*u + 5*w = 18. Let k = 2 + -10. Let a = u + k. What is the remainder when 11 is divided by a?
5
Let p = -199 - -224. Calculate the remainder when p is divided by 24.
1
Calculate the remainder when 147 is divided by 4*((-300)/(-16) + -5).
37
Let x(i) = i**2 + 4*i. Let c(g) = 4*g**2 + 52*g + 174. What is the remainder when x(-6) is divided by c(-6)?
0
Let p(q) = q**3 - 2*q**2. Let h = 14903 - 14885. Calculate the remainder when p(4) is divided by h.
14
Let q(j) = -j - 1. Let a be q(-3). Suppose -a*u + 42 = 2. Suppose -8*o + 39 = -7*o. Calculate the remainder when o is divided by u.
19
Suppose -13*o + 149 = -20. Calculate the remainder when 530 is divided by o.
10
Suppose -5*a - 354 = 181. Let v = -92 - a. What is the remainder when 29 is divided by v?
14
Suppose -11 - 47 = -2*f. Let y = 34 - f. What is the remainder when 13 is divided by y?
3
Calculate the remainder when 39 is divided by 21/(-3 + 36/(-8)*-1).
11
Suppose -4*a - a - 65 = -2*o, 4*a + 45 = 3*o. Suppose -5*l + 154 = -2*n, -4*l + 66 = -2*l - 3*n. Let i = l - a. What is the remainder when i is divided by 23?
22
Suppose 26*p = 24*p + 20. What is the remainder when 163 is divided by p?
3
Suppose 2*w - c - 17 = 4*c, 2*c + 14 = 2*w. Let z = 0 + 4. Calculate the remainder when w is divided by z.
2
Suppose -172*f = -151*f - 6342. What is the remainder when f is divided by 105?
92
Let s = -145 - -176. What is the remainder when s is divided by 18?
13
Let u = 24 + -16. Let s be ((-2)/5)/(u/480). Let y = -17 - s. Calculate the remainder when y is divided by 3.
1
Let z(o) = o**3 + 19*o**2 - 44*o - 9. What is the remainder when 590 is divided by z(-21)?
29
Let t = -125 - -125. Suppose -5*h + 3*o + 251 = t, -5*o + 113 = 2*h - 2*o. What is the remainder when h is divided by 28?
24
Suppose 10*q + 21 = -9. Let f(i) = -i**3 + 2*i - 4. Calculate the remainder when 46 is divided by f(q).
12
Let y(i) = 3*i. Let x be (5 - -3)*2/4. Suppose -3 - 9 = -x*n. Calculate the remainder when 24 is divided by y(n).
6
Suppose 0 = -3*c + 3*v, -9*c = 5*v - 35 - 21. What is the remainder when 185 is divided by c?
1
Let h(d) = 3*d**2 + 16*d + 5. Calculate the remainder when h(8) is divided by 82.
79
Suppose 2*m + 0*m - 10 = 0. Let v = 13 - m. Let n = 5 - 2. Calculate the remainder when v is divided by n.
2
Suppose 15*r - 434 = 616. What is the remainder when r is divided by 37?
33
Suppose -2*f + 4*g = -0*g - 40, 3*f - 3*g - 54 = 0. Let n = f - 8. Calculate the remainder when 22 is divided by n.
6
Suppose 4*d - 13 = g - 54, 5*g = 5*d + 190. Suppose -g*j + 48 = -35*j. What is the remainder when 64 is divided by j?
16
Calculate the remainder when 257 is divided by -4*5*(-4 + 3).
17
Let f be 1 + -3 + (-3 - -8). Suppose 7*m - f*m = 132. Let q = -23 + m. What is the remainder when 17 is divided by q?
7
Suppose f - 12*f = -341. What is the remainder when 277 is divided by f?
29
Let y be -3 + 2 + -2 + 7. Let g(u) = 7*u - 5. What is the remainder when g(y) is divided by 12?
11
Let m = 6 - -13. Calculate the remainder when m is divided by -2*(1 + (-2 - -6)*-1).
1
Let g = 669 + -434. What is the remainder when g is divided by 17?
14
Suppose 3*b + i - 51 = 0, 3*i = -2*i - 15. Calculate the remainder when (-6)/4*(-106)/3 is divided by b.
17
Let z(a) = -a**3 + 24*a**2 - 17*a - 69. What is the remainder when z(23) is divided by 20?
9
Let o be (1/(-3))/(2/(-30)). Suppose 0 = o*d - 22 - 3. Suppose 2*h - d*l - 75 = 0, 2*l = 5*h - 194 + 17. What is the remainder when h is divided by 18?
17
Let i(y) = y**3 - 28*y**2 - 27*y - 38. What is the remainder when (37 - 0/1) + -1 is divided by i(29)?
16
Let q = 863 - 518. What is the remainder when q is divided by 25?
20
Let x = -293 - -334. What is the remainder when 163 is divided by x?
40
Let a = -68 - -162. Calculate the remainder when a is divided by 11.
6
Suppose -51 = -4*u - 4*l + 25, -l = 3*u - 57. Calculate the remainder when 30 is divided by u.
11
What is the remainder when 247 is divided by (-6)/(-51) - (-3 - 1832/34)?
19
Suppose 5*v = -3*h + 284 + 336, -2*h = -4*v + 518. Let u(k) = k**3 - 13*k**2 + k + 3. What is the remainder when v is divided by u(13)?
15
Suppose 136 - 44 = -4*b. Let q = b + 35. Suppose -5*p + 226 - 56 = 0. Calculate the remainder when p is divided by q.
10
Let p(s) = -s**3 - 7*s**2 - 11*s + 5. Let l be p(-5). Suppose -2 - l = -2*k. What is the remainder when 23 is divided by k?
5
Let m(g) = -2*g + 21. What is the remainder when 10 is divided by m(7)?
3
Let a(d) be the third derivative of d**5/60 - d**4/24 + 20*d**3/3 + 15*d**2. Calculate the remainder when a(0) is divided by 21.
19
Let g be (-15)/(-9) - (-5)/15. Calculate the remainder when (-3)/g - 2717/(-26) is divided by 53.
50
Calculate the remainder when (249/51 - 3) + (-22)/(-187) is divided by 1.
0
Suppose -20*f + 82 + 39 = -19. Suppose 28 = -4*n + 104. What is the remainder when n is divided by f?
5
Suppose -l - z - 3*z = -7, 3*z + 36 = 2*l. Suppose -4 = -r + 2. Calculate the remainder when l is divided by r.
3
Let j(m) = -4*m**3 - 6*m**2 + 8*m + 28. What is the remainder when 832 is divided by j(-2)?
12
Let a be -4*1/(-8)*6. Suppose z - 3*j - 135 = -2*z, 179 = 4*z - a*j. What is the remainder when z 